4 - -38)
-26
Calculate 14 + (8 - 7 - -5).
20
Evaluate (11 - 32) + 3 + (-7 + 6 - 3).
-22
What is the value of (-15 - (3 - (-6 - -3))) + 4?
-17
Calculate 4 - (24 + -9 + -17).
6
111 - 124 - (-1 + -2)
-10
Calculate (-64 - -93) + (-38 - 5).
-14
-1 + -11 - (6 - (18 - 10) - -3)
-13
-14 - (30 + 8 - 34)
-18
What is the value of 33 + (39 - 19) + -24?
29
Evaluate (-3 - 1) + -7 + (8 - 2).
-5
What is -1 - (-3 + -4) - (-3 - -5)?
4
-453 + 465 + (1 - (0 - -1))
12
What is 34 - 4 - 30 - 3?
-3
-23 - (32 - 27) - -42
14
Calculate 15 + (8 - (4 + 14 + -14)).
19
1 - (7 + (5 - 9)) - (2 - 1)
-3
Evaluate -14 + (5 - 16) - -7 - -16.
-2
What is 10 + (-15 - -11) + -2?
4
Calculate 3 - (2 + 9 + -2 + -2).
-4
Evaluate -12 + 18 + (-4 - (-4 + 5)).
1
(0 - -4) + 4 + (-29 - -22)
1
What is 2 - -3 - (-5 + 3 + 0)?
7
17 + (-4 - ((-11 - -5) + 3))
16
Evaluate -4 + -3 + 8 - (-33 + 38).
-4
Calculate 2 + -2 + (27 - 44).
-17
Evaluate (-1 - (0 + -6)) + 3 + -10.
-2
(7 - ((-3 - 8) + 17)) + 10
11
What is the value of (-5 - (0 + 2)) + -36 + 21 - -6?
-16
What is 2 + 10 + -16 - 3?
-7
What is the value of 0 + -7 - (-8 + 9 - -10)?
-18
What is the value of 0 - (2 - 8) - (-17 + 34 + -2)?
-9
What is 34 - (-48 - -8 - -70)?
4
21 + (10 - 34) + 0 + -7
-10
0 + (21 - -17) + -18
20
Calculate -2 - 4 - -26 - (-9 - 3).
32
What is the value of (1 - (11 + -15)) + (-15 - 3) + 3?
-10
-2 - (-11 - -5 - (3 + (3 - 13)))
-3
What is the value of 8 + (-6 - -18) + (-17 - -10)?
13
Calculate (-17 - (-33 + 0)) + -2 + 1.
15
What is -16 + (-9 - 2 - -13) + 7?
-7
Calculate -2224 - -2242 - (-1 + 36).
-17
What is 1 + 15 + -6 + -2?
8
-5 + (-20 - -41) + 13
29
11 + -7 + 1 + 6 + (1 - 3)
9
-4 + 0 - (62 + -136 - -56)
14
3 + -1 - ((-28 - -32) + -4 + 1)
1
What is the value of 2 - 2 - (8 - 27 - -21)?
-2
(-3 - -2 - 1 - (-4 - 1)) + -3
0
Calculate -3 + (0 - (3 + -6)) + -5.
-5
What is -6 + 2 + (3 - (-1 + 2) - 0)?
-2
What is the value of (-4 - (2 + 3)) + -11 + 18 - 8?
-10
22 + 15 + -9 + -13
15
(1 - 0 - (-41 + 43)) + -12 + 5
-8
What is the value of -6 + 6 + (3 - 7) + 6 - -5?
7
Evaluate -12 - ((2 - (6 + -7 + -2)) + 1).
-18
What is the value of (-10 - (-7 + 13)) + (0 - -5)?
-11
What is 7 - 0 - (4 - (19 + -9))?
13
What is the value of 1 + -2 - -22 - (-19 - -22) - 0?
18
What is the value of 3 - 2 - (8 + -4 - -7 - 10)?
0
Calculate (-3 - -42) + 4 + 0 + -12.
31
-8 + (24 - (22 - 22))
16
Calculate 2 - (3 + 3 + -6 - (0 - -3)).
5
What is the value of -6 + 0 + (8 - 0) - (2 - -5)?
-5
Calculate -1 - 1 - (2 - 0) - (58 + -71).
9
What is the value of -1 + (-11 - (2 - 11 - -12))?
-15
-1 + -5 + -14 + 11 + 18
9
Evaluate 50 - 7 - 34 - (2 + 22).
-15
1 - (2 - 8 - -13)
-6
(-4 - 7) + (45 - 17)
17
What is the value of (10 - (0 + -2)) + (6 - -9 - 20)?
7
What is the value of (4 - 12) + (-6 - -17) + 2?
5
Evaluate (1 - (-3 + 5)) + 9 - (-684 + 665).
27
What is (7 + -12 + -2 - 7) + 14?
0
What is the value of 21 + 2 - (14 - (6 + 8 - 6))?
17
(1 - 1) + -8 + -4 + 5 - 8
-15
Calculate -19 + 9 - -7 - (5 + 16 + -11).
-13
995 - 993 - (2 + 0 + -20 - -1)
19
What is the value of 18 + 2 + -45 - 13?
-38
-7 + 10 - (26 - 26)
3
8 + -9 + 27 + -2 + -1
23
What is the value of (-10 - -3 - -23) + 4 + -12?
8
16 + -13 - (0 - 3) - -5
11
What is the value of -43 - (-5 + 14 + -4 + -2 - 12)?
-34
Evaluate (19 - (-8 - -27)) + -2 + -7.
-9
What is the value of -37 - (-43 + -3) - (9 - -1)?
-1
What is 5 + (-10 + 0 - (35 - 29))?
-11
-30 - (20 + (-35 - 29))
14
-58 + 65 - (0 + (-1 - -6))
2
What is -24 + 8 + 1 - 4?
-19
7 + 0 + -11 + 0 + -2 - -9
3
What is (-4 + 8 + 0 - 10) + -12 + 16?
-2
What is -22 - (-10 - -4) - (-61 + 62)?
-17
What is -3 - (12 - (26 + -27 - (-1 + 6)))?
-21
Calculate 0 + (2 - 5) + (-49 - -58).
6
Evaluate -4 + (16 - (-12 - (-4 + 2))).
22
Calculate (12 - 10 - (19 - 5)) + 9 - -6.
3
What is the value of -5 - 8 - -6 - (3 - (0 - -8))?
-2
Evaluate -21 - (-7 + -5 + (-10 - -13)).
-12
229 + -241 + 10 + 2
0
What is the value of (2 - 10 - (5 + (18 - 27))) + 7?
3
Calculate 594 + -629 + -2 + 1 + 2.
-34
What is 2 - 0 - 1 - (-141 - -146) - 0?
-4
What is 15 - (16 - (20 + 2) - -25)?
-4
Evaluate 17 - -1 - ((-97 - -109) + (-1 - 6)).
13
57 + -45 + (7 - (-9 - -4)) + -5
19
8 - 0 - (-59 + 40 - -4)
23
Calculate -6 + 8 - (0 + (-10 - (-7 + 4))).
9
Evaluate ((-8 - -7) + 5 + -7 - 9) + -4.
-16
What is -4 + 11 + -7 - (0 - 5) - 1?
4
Calculate -7 + -9 + -2 + 26 + -10.
-2
What is the value of -6 - -2 - -30 - (14 + 2 + -9)?
19
-20 - -4 - (9 - (9 + -9))
-25
Calculate (0 - -6) + (-6 - 1) + -8.
-9
What is 14 + 0 + (-38 - -42) - 9 - 14?
-5
What is the value of -4 - -1 - (-16 + 14 + 1)?
-2
Evaluate -1 + -4 + -1 + (164 - 169).
-11
What is 9 - 3 - (-24 - (-24 - -1))?
7
Calculate (43 - 21) + (-2 - 15) + 1 + 4.
10
What is (0 - -6) + -1 + (-7 - -9)?
7
What is the value of -142 + 156 + (-3 - (5 - 4))?
10
What is -2 - ((-4 - -5 - 5) + -2) - 15?
-11
Calculate 11 + -2 + -7 + 4 + -3 + -1.
2
What is the value of (10 - (9 - 7)) + -20?
-12
Calculate -6 + 0 + 6 + -52 + 67.
15
What is the value of -17 - (-6 + -2 + (5 - (2 + 3)))?
-9
Calculate (3 - 0) + 9 - (-3 + (-13 - -15)).
13
Calculate 1 + 22 + -14 + -8 + 11.
12
What is the value of (4 - ((-18 - -10) + 2)) + (-6 - -1)?
5
-2 - (-5 + 45 + -3)
-39
What is (-6 + 2 - -17) + 11 + -3 + -1?
20
35 + (-15 - 7) - 24
-11
Calculate (-11 - (-2 - 5 - 4)) + -2 + 7.
5
What is -5 + -15 + 6 + 18 - 10?
-6
Evaluate (5 - -5) + -21 + 0.
-11
What is 55 + -10 - 31 - (-1 - -6)?
9
What is (5 - 3 - -4) + -1 + 2?
7
What is the value of 5 - 0 - (67 - 68)?
6
-1 + -35 + (15 - 1) - (10 + 1)
-33
What is (-945 - -929) + 1 + 17?
2
Calculate 19 - (7 - -7 - -11).
-6
What is the value of 27 - (25 + -31 + 17)?
16
What is the value of 5 + -7 + -6 + 15 - 7 - 3?
-3
What is (2 - (-7 - -13 - (-9 - 1))) + 1?
-13
Evaluate 34 - 31 - -3 - (-1 + 1).
6
Evaluate -14 + (-9 - -6) - -4.
-13
What is the value of 0 + -13 + (17 - (5 - -4)) + 19?
14
Evaluate -7 + (-21 + 34 - 13).
-7
Evaluate -4 + -15 + (23 - 21) + 4.
-13
What is the value of (-4 + 25 - -2) + -13 + 14 + -2?
22
What is the value of (-4 + 3 - 1 - -5) + 519 + -505?
17
What is (-4 - 2 - 8) + -4?
-18
Calculate (-3 - (-3 + 14 + -6)) + (-14 - -7).
-15
What is -266 + 245 - (-8 - 0)?
-13
(10 - (-2 + 1)) + 335 + -337
9
What is -6 - (-9 + (20 - 7))?
-10
What is 3 + 1 + 31 + -16 + -4?
15
((-3 - 0) + -2 + 1 - -19) + 6
21
Calculate -12 + -2 + (4 - 4).
-14
What is -7 + (0 - 1 - (5 + -8 + 6))?
-11
What is the value of (-6 - 21) + (15 - (7 + 3) - 2)?
-24
Calculate -4 + 17 + -23 - (-19 + (1 - 4)).
12
What is -33 + (148 - 151 - (0 - 13))?
-23
What is the value of (21 + -10 - (6 + 6)) + (-7 - 0)?
-8
Calculate 16 + -11 - (-3 + 12).
-4
(12 - (-8 + 5 - 0)) + 6
21
What is 29 + (-1 - 14) + -1?
13
Calculate 18 + (-5 + -2 - (5 + -3)).
9
What is the value of -14 + -16 + (-7 - (5 + -14 - 9))?
-19
What is the value of -22 + 13 + 15 - -6?
12
3 + 2 + (59 - 51 - (1 - 2))
14
What is -41 + -7 + -11 + 45?
-14
Calculate 9 - (15 - (-9 - (-4 - 12))).
1
(2 - 8) + (-8 + 1 + 0 - -20)
7
What is the value of 332 + -327 + (13 - -3)?
21
What is the value of (-22 - 0) + 693 + -676?
-5
What is the value of 5 + (-14 - -11) + (-12 - -6)?
-4
What is -24 - 9 - (18 - 36)?
-15
-332 + 294 - (-17 + 1 + 1)
-23
Calculate (-1 - (-3 + 9)) + -5 + (-4 - -1).
-15
(-13 - -6) + 9 + -13
-11
What is the value of (-12 - (2 - 0)) + 197 + -187?
-4
Evaluate 8 - (17 + 2 + -8).
-3
What is (1 - -1 - 1) + 7 + -6 + 0?
2
Calculate 24 + (4 - 16) - 21.
-9
What is the value of 15 - 9 - 9 - -11?
8
-3 - (1 - (9 + (0 - 5) + -3))
-3
Evaluate 13 - -7 - 4 - 18.
-2
Calculate 0 + -25 + 0 - (-145 - -143) - -6.
-17
-36 + (24 - (-12 + 24)) + 2
-22
6 + (4 - (-6 + 11 + 3)) + -2
0
12 - (6 + 2 - 1) - -1
6
What is -1192 + 1146 - (-26 - 0)?
-20
Evaluate (-2 - -5) + 1 - (37 + -42).
9
What is -7 + (0 - 0) + -2 + -1 + -2?
-12
What is -1 + 4 - (-106 + 96)?
13
What is the value of 9 + 17 + (-20 - 24)?
-18
What is (-1 - -2) + -1 + (-37 + 18 - -24)?
5
Calculate -31 + 3 + (8 - 45 - -37).
-28
What is the value of -10 - (1 - 11 - -9)?
-9
What is (10 - 1) + -10 - 1?
-2
-5 - (1 + 5 + 3 + (-3 - 0))
-11
Evaluate 5 - (-10 + (20 + -2 - 8)) - -14.
19
What is 2 - (25 - (-1 - -14))?
-10
Calculate 4 + -7 + (-9 - (-9 - -6 - -2)).
-11
Calculate (3 - (-6 - -18) - -14) + 1 + 0.
6
Evaluate -12 - (-40 + -4 + 15).
17
-1 - 4 - -2 - (4 + 5 + -4)
-8
-17 + (9 - (-1 + -1))
-6
What is 1 + -1 - (-98 - -103) - (6 + 0)